?
-2
What is 5 + (-5 + 14 - 8) + 3?
9
Evaluate (27 - 10) + -17 - (2 - -2).
-4
What is the value of 4 + 1 + -3 - 5?
-3
Calculate 1 + -2 - (2 + (-8 - -3)).
2
What is 3 + -8 + 9 + -7?
-3
What is the value of 2 + (-4 - -2) - -1?
1
What is the value of 11 - ((6 - 9) + -1 + 4)?
11
What is (-3 - -1) + -2 + (2 - 3)?
-5
Evaluate 2 - 0 - (-1 + -2).
5
4 - (22 + -8 - 9)
-1
Calculate -15 - (-5 - -3) - -9.
-4
Evaluate -1 - 2 - (-4 + (4 - 1)).
-2
What is (3 - -4 - (6 + -1)) + -5?
-3
What is the value of (-2 - (-2 + -7)) + 32 + -34?
5
0 - (0 - 0) - -3
3
What is the value of -9 + 18 + 1 + -8?
2
What is 2 + -16 + (-7 - -16)?
-5
Evaluate -1 + 2 + -7 + (8 - 1).
1
Calculate 5 + (-8 + -1 - 7).
-11
29 + -12 - ((-4 - -2) + 10)
9
-8 + 0 - -7 - (-5 - 0)
4
Evaluate -5 + 2 + (-1 - (-1 - 3)).
0
Evaluate 2 + -7 + (-1 - -2).
-4
What is -4 + 3 - (3 + 1)?
-5
-2 - (0 - 2 - (-3 - -2))
-1
What is the value of 5 - 7 - (7 + -4)?
-5
3 - -1 - ((1 - -1) + 1)
1
Calculate -5 - (2 - (7 - (13 - 5))).
-8
Evaluate (3 - 2 - (-8 - 0)) + -6.
3
Calculate -1 + 3 - (6 - (-8 + 13)).
1
Calculate -8 + -2 + 10 + 3.
3
Calculate -8 - -14 - (8 - 1).
-1
Evaluate -12 + 0 + 7 - 4.
-9
Calculate 8 - 14 - (-10 + (2 - 5)).
7
Calculate -3 - 0 - -1 - (-12 + 6).
4
-3 - -11 - 3 - -1
6
Evaluate 8 + -9 + (7 - 3).
3
Calculate -7 + 6 + (-2 - -4 - -2).
3
Calculate -9 + 15 + -5 + 5.
6
Calculate 5 + -7 - (3 - 0).
-5
Calculate (1 - -3) + 0 + -10 + 0.
-6
-1 + (1 - -5) + 11 + -14
2
Calculate -8 - -10 - (1 + -2).
3
2 + -4 - (-3 + 2)
-1
Calculate -1 - (42 + -35 + (-6 - -1)).
-3
What is 10 + 2 + (-11 - 1)?
0
What is (5 - 1) + (24 - 19 - 5)?
4
Evaluate -5 - -4 - -5 - 5.
-1
Evaluate -1 + 0 + (-8 - -6).
-3
What is the value of -1 - (9 + -10 - -9)?
-9
Evaluate -3 + (-1 - -1) + 0 + 2.
-1
Evaluate -1 + 11 - (-3 - (-6 - 2)).
5
What is -5 - -1 - (10 + -9)?
-5
What is the value of -9 + 10 + -6 + 1 + 2?
-2
1 + 0 - (6 - 2)
-3
Evaluate 1 + 1 + 1 + -9.
-6
-2 + -7 + 14 + -2
3
Calculate 0 + -1 + (9 - 7).
1
What is the value of (4 - (5 + 2)) + 3 + -5?
-5
Calculate -2 + 0 + (15 - (-12 - -30)).
-5
What is -2 + (-3 + 1 - -3)?
-1
What is (-5 - (6 + -6)) + 0?
-5
Calculate -22 + 16 - (-2 + 0).
-4
Calculate -9 + 24 + -8 + -4.
3
-5 + 4 + (-11 - -9)
-3
Calculate 2 + 2 - (-5 - (-1 - 5)).
3
Evaluate 0 + 2 + -1 + -4 + 3.
0
Calculate (10 - 19) + (4 - 0).
-5
Evaluate (0 - (6 + -13)) + -6.
1
What is the value of 4 + (-4 - (-2 + 1 + -2))?
3
-14 - -15 - (1 + 2)
-2
Evaluate (8 - 11) + 8 + -3.
2
Evaluate 3 + (1 - (-5 - -6)) - 6.
-3
Evaluate (-9 - (7 + -8 + 3)) + 3.
-8
What is (-3 - -4) + (-9 - -6)?
-2
Calculate 4 - (3 - -4) - (1 - 7).
3
What is 62 + -64 - ((1 - -2) + 2)?
-7
Evaluate ((-3 - -5) + -4 - -3) + -3.
-2
Evaluate (-4 - 1) + 2 + -4 + 2.
-5
Evaluate -4 + 0 + -4 + 10 - -1.
3
2 - (-1 - 11) - 7
7
Evaluate (-1 - (6 + -1)) + 8.
2
Evaluate -1 - 3 - (-3 - -4 - 5).
0
What is -1 + 6 - (41 + -37) - -5?
6
What is 26 + -17 - (-4 - -10)?
3
What is the value of (2 - -5) + 13 + -21?
-1
What is the value of (-5 + 9 - -1) + -1 + -9?
-5
Calculate -11 + -2 + (-44 - -51).
-6
Evaluate -1 - (1 + -2 - -2).
-2
Calculate 19 + -17 - (-1 - -7).
-4
Calculate (12 - -1) + (-26 - -3).
-10
What is 20 + -21 - (-4 + -4)?
7
Evaluate -2 - ((56 - 49) + 1 + -5).
-5
Evaluate 3 + 4 + 0 + (-11 - 5).
-9
Evaluate 4 + 4 - 2 - 4.
2
Calculate (-4 + -6 - -6) + 11.
7
Evaluate -6 - ((-16 - -2) + 11).
-3
What is the value of (2 - -2) + -2 + 2?
4
What is -2 - (5 - (8 - -3))?
4
Evaluate -1 + 4 - (82 + -84).
5
What is the value of 3 - (-4 - (-1 + -7))?
-1
Evaluate -9 - 0 - (0 - 4).
-5
Calculate (-1 - 1) + -1 + 29 + -31.
-5
3 - (0 - ((-2 - 7) + 3))
-3
Calculate -4 - (7 + -10) - (-5 + 1).
3
What is 5 + -9 + 9 + 1?
6
Evaluate -6 + 4 + -1 + 3 - 2.
-2
What is the value of -9 - -4 - (-1 - 3)?
-1
Calculate -133 - -123 - (1 + 1 + -6).
-6
(6 - 4) + 3 + -7
-2
Calculate -14 - (-4 + -13 + 8).
-5
What is (-14 + 3 - -8) + (-2 - 2)?
-7
What is the value of 7 - (-2 + 4 + (1 - 0))?
4
Calculate (2 - 9 - -1) + 4 + 1.
-1
Calculate 2 + 0 + (-12 - -14).
4
Evaluate (1 - 5) + (17 - 16).
-3
Calculate 1 + -1 - ((19 - 0) + -17).
-2
Evaluate 8 - 6 - 3 - 5.
-6
Evaluate 2 - (0 + (2 - 0)).
0
Calculate 0 + -1 + 2 + 4.
5
30 - 30 - (0 + 0 + -5)
5
-5 + 8 + (4 - 5)
2
What is 9 + -3 - 4 - -3?
5
Calculate 39 + -27 - (8 - 1).
5
Evaluate 2 + -5 - (9 + -4 + -4).
-4
Evaluate -23 + 12 - (-7 - 1).
-3
What is (-1 - -1) + -4 + (2 - -4)?
2
Calculate -1 - -1 - -1 - (-10 + 9).
2
Calculate -25 + (7 - -3) + 6.
-9
6 + (4 - (-3 + 10))
3
Calculate -3 - ((2 - 3) + -1).
-1
4 + 7 + -6 + -1 + 0
4
Evaluate 4 + (3 - (15 + -2)).
-6
Evaluate 4 + -3 - (-11 + 14).
-2
Calculate -1 - -2 - (-14 + 9 - -10).
-4
What is the value of -3 - (5 - (4 + -6 + 5))?
-5
(-6 - -2 - -2) + (-1 - -6)
3
Calculate -6 - (-3 + 2) - -4 - -3.
2
What is 1 + -7 - (5 - (21 + -4))?
6
What is the value of (-2 - -7) + (-4 - (-5 - -11))?
-5
Evaluate (5 + -2 - 4) + (0 - 0).
-1
What is the value of 3 + 8 + -3 + -6?
2
What is the value of (-3 - -2) + (3 - (6 - 4))?
0
What is the value of 12 + -2 + -5 + -5 + 1?
1
What is (3 - 4) + 2 + 1 + -3?
-1
Evaluate 0 - -2 - (-7 - (5 + -10)).
4
Evaluate 13 + -7 + 1 + -5.
2
Calculate 1 - 0 - 3 - (40 + -37).
-5
Calculate -7 - ((-9 - 5) + 8).
-1
Evaluate (-45 - -40) + (-1 + 7 - 1).
0
-1 + 5 + 4 + -4
4
Calculate -6 + (-2 - (4 - 19)).
7
Evaluate -11 - (-5 + (-7 - -8)).
-7
What is the value of 11 + -18 + (17 - 3)?
7
-2 + 4 + 6 + -12
-4
Calculate -2 + -6 + -3 - -7.
-4
1 + -2 + 1 + 1 - 2
-1
What is the value of (36 - 31) + (0 - 2) + 0?
3
0 + -4 + (-9 - -8)
-5
Calculate -42 + 43 - (-1 - 6).
8
Evaluate 4 + -6 + (-16 - -29).
11
Calculate 6 + 15 + -17 + 1 + -1.
4
What is 1 - 4 - (-14 + 18 - 8)?
1
What is the value of 6 - (14 + -2) - -4 - 6?
-8
What is 1 + 5 + -5 - (0 + -7)?
8
2 + 8 + (2 - 10) - -4
6
Calculate -2 + 2 + 7 + 8 + -19.
-4
What is -6 + 7 - 11 - -7?
-3
Evaluate -3 + 7 + -4 - (3 + 0).
-3
-9 + 12 - 4 - (2 - 5)
2
Calculate -5 + -6 + 3 + 5 + -2.
-5
What is 1 - (0 + -1) - (-4 + 3)?
3
Evaluate 0 - 0 - 3 - (-18 - -16).
-1
What is 3 + -12 + 7 - (0 - 4)?
2
Calculate (-37 - -31) + (5 - -2).
1
Evaluate -5 + (-5 - (-3 - 0)) + 2.
-5
(12 - 21 - -2) + 13
6
Calculate (0 - 4 - 5) + 4.
-5
Calculate (-2 - (0 + 1)) + 6.
3
5 - 2 - (-1 + -1) - 0
5
Calculate 8 - (1 + 0 + 0).
7
What is 3 + (-3 - 1) + 8 + -8?
-1
What is the value of 0 - (10 + -1) - 1?
-10
-2 + (0 - (0 + 0)) - -1
-1
Evaluate (5 - 13) + 5 - -1.
-2
Calculate -3 - (-3 + (-1 - -3) + -1).
-1
Calculate -43 + 35 + 2 + 4 - 5.
-7
Evaluate 3 + -1 + (-1 - 1) - 4.
-4
What is 2 + (0 + 0 - 2) - -4?
4
What is -10 + 6 + -1 - -9?
4
What is (-10 - -3) + (1 - 0)?
-6
Evaluate -1 - (-2 - (6 + -4)).
3
What is the value of 4 - 1 - (4 + -2 - 1)?
2
Calculate 4 + -10 + 8 + 1.
3
Calculate -3 + (-6 - -12 - 7).
-4
Evaluate (5 - -1) + -7 + 4.
3
What is the value of -3 - (-3 - -2) - (23 - 24)?
-1
Evaluate -15 + -5 + 17 - (0 + -5).
2
What is the value of -5 - (-6 + (6 - 4))?
-1
What is (-7 - -1) + -4 - -5?
-5
What is -2 + -3 + 5 - 5?
-5
What is 3 + -1 - 5 - (-1 - -1)?
-3
Evaluate 3 - 8 - (4 + -4).
-5
Calculate 7 - (-6 + 1 + 7).
5
Calculate 3 - 3 - 4 - (2 + -4).
-2
What is the value of 10 + -9 - (-1 - -4) - 0?
-2
-5 - (-2 - (-1 - -3))
-1
What is the value of 7 - (1 + -3 - (1 + -7))?
3
Calculate 4 + (6 - 12) - 1.
-3
(-13 - 0) + 19 + -13 + 4
-3
What is the value of 5 + -4 - (8 + -5 + -9)?
7
What is 15 + (7 - 10 - 1) - 2?
9
Calculate 18 - ((2 - -7) + -1).
10
Calculate 0 + 0 + 3 + -5 + 4.
2
What is the value of (1 - 4) + -6 + (-1 - -9)?
-1
Evaluate -4 + 3 + (-4 - (1 + -6)).
0
What is (14 - 12 - 3) + 6 + 0?
5
-7 - (-10 - -5) - (-4 + 7)
-5
-1 + (1 - 2 - -4)
2
What is 4 + 1 - -1 - 8?
-2
Calculate (-4 - -10 - 1) + 14 + -13.
6
What is 3 - (-4 + 10 + -1)?
-2
-11 + 12 + -7 + -1
-7
Evaluate 0 + -10 + 6 - 1.
-5
What is the value of 4 - (2 + (-7 - -4) + 8)?
-3
What is the value of -8 + -2 + (-5 - -14)?
-1
-1 - 0 - (-7 + 8)
-2
4 - (2 - ((-10 - 3) + 7))
-4
-11 + -3 + 0 - -8
-6
What is 5 - (3 + 5 + -7 + 2)?
2
What is the value of 4 + (10 - (6 - -4))?
4
What is the value of -11 + 9 + 3 - 5?
-4
What is the value of -2 + -5 + 17 + -1 + -4?
5
Evaluate 1 - 1 - (6 + 1 + -9).
2
What is (-4 - -1) + (2 - -6)?
5
Evaluate -4 + 2 + (4 - 3 - 4).
-5
Evaluate 2 - (-8 - (-7 + 2)).
5
What is the value of -2 - 7 - (4 + -10 + 1)?
-4
(11 - (24 + -11)) + (1 - -2)
1
What is -1 - 8 - (54 + -68